{"id":1014,"date":"2026-03-10T13:21:33","date_gmt":"2026-03-10T16:21:33","guid":{"rendered":"https:\/\/ambaronline.com.ar\/ofertasblack\/?page_id=1014"},"modified":"2026-03-11T13:44:13","modified_gmt":"2026-03-11T16:44:13","slug":"beneficios","status":"publish","type":"page","link":"https:\/\/ambaronline.com.ar\/ofertasblack\/","title":{"rendered":"Beneficios Exclusivos para Arquitectos y Constructores"},"content":{"rendered":"\t\t<div data-elementor-type=\"wp-page\" data-elementor-id=\"1014\" class=\"elementor elementor-1014\" data-elementor-post-type=\"page\">\n\t\t\t\t<div class=\"elementor-element elementor-element-8c745db e-con-full e-flex e-con e-parent\" data-id=\"8c745db\" data-element_type=\"container\" data-e-type=\"container\" data-settings=\"{&quot;background_background&quot;:&quot;classic&quot;,&quot;position&quot;:&quot;fixed&quot;}\">\n\t\t\t\t<div class=\"elementor-element elementor-element-e1655bc boton-wp elementor-view-default elementor-widget elementor-widget-icon\" data-id=\"e1655bc\" data-element_type=\"widget\" data-e-type=\"widget\" data-widget_type=\"icon.default\">\n\t\t\t\t\t\t\t<div class=\"elementor-icon-wrapper\">\n\t\t\t<a class=\"elementor-icon elementor-animation-shrink\" href=\"https:\/\/wa.me\/5492995029301?text=Hola%21%20Estoy%20navegando%20la%20web%20de%20%C3%81MBAR%20y%20necesito%20m%C3%A1s%20informaci%C3%B3n&#038;utm_source=website&#038;utm_medium=whatsapp-button&#038;utm_campaign=Black\" target=\"_blank\">\n\t\t\t<svg aria-hidden=\"true\" class=\"e-font-icon-svg e-fab-whatsapp\" viewBox=\"0 0 448 512\" xmlns=\"http:\/\/www.w3.org\/2000\/svg\"><path d=\"M380.9 97.1C339 55.1 283.2 32 223.9 32c-122.4 0-222 99.6-222 222 0 39.1 10.2 77.3 29.6 111L0 480l117.7-30.9c32.4 17.7 68.9 27 106.1 27h.1c122.3 0 224.1-99.6 224.1-222 0-59.3-25.2-115-67.1-157zm-157 341.6c-33.2 0-65.7-8.9-94-25.7l-6.7-4-69.8 18.3L72 359.2l-4.4-7c-18.5-29.4-28.2-63.3-28.2-98.2 0-101.7 82.8-184.5 184.6-184.5 49.3 0 95.6 19.2 130.4 54.1 34.8 34.9 56.2 81.2 56.1 130.5 0 101.8-84.9 184.6-186.6 184.6zm101.2-138.2c-5.5-2.8-32.8-16.2-37.9-18-5.1-1.9-8.8-2.8-12.5 2.8-3.7 5.6-14.3 18-17.6 21.8-3.2 3.7-6.5 4.2-12 1.4-32.6-16.3-54-29.1-75.5-66-5.7-9.8 5.7-9.1 16.3-30.3 1.8-3.7.9-6.9-.5-9.7-1.4-2.8-12.5-30.1-17.1-41.2-4.5-10.8-9.1-9.3-12.5-9.5-3.2-.2-6.9-.2-10.6-.2-3.7 0-9.7 1.4-14.8 6.9-5.1 5.6-19.4 19-19.4 46.3 0 27.3 19.9 53.7 22.6 57.4 2.8 3.7 39.1 59.7 94.8 83.8 35.2 15.2 49 16.5 66.6 13.9 10.7-1.6 32.8-13.4 37.4-26.4 4.6-13 4.6-24.1 3.2-26.4-1.3-2.5-5-3.9-10.5-6.6z\"><\/path><\/svg>\t\t\t<\/a>\n\t\t<\/div>\n\t\t\t\t\t\t<\/div>\n\t\t\t\t<\/div>\n\t\t<div class=\"elementor-element elementor-element-9040a20 e-con-full elementor-hidden-mobile e-flex e-con e-parent\" data-id=\"9040a20\" data-element_type=\"container\" data-e-type=\"container\">\n\t\t\t\t<div class=\"elementor-element elementor-element-dde97dd elementor-widget elementor-widget-image\" data-id=\"dde97dd\" data-element_type=\"widget\" data-e-type=\"widget\" data-widget_type=\"image.default\">\n\t\t\t\t\t\t\t\t\t\t\t\t\t\t\t<img fetchpriority=\"high\" decoding=\"async\" width=\"1920\" height=\"1080\" src=\"https:\/\/ambaronline.com.ar\/ofertasblack\/wp-content\/uploads\/2026\/03\/landing.png\" class=\"attachment-full size-full wp-image-950\" alt=\"\" srcset=\"https:\/\/ambaronline.com.ar\/ofertasblack\/wp-content\/uploads\/2026\/03\/landing.png 1920w, https:\/\/ambaronline.com.ar\/ofertasblack\/wp-content\/uploads\/2026\/03\/landing-300x169.png 300w, https:\/\/ambaronline.com.ar\/ofertasblack\/wp-content\/uploads\/2026\/03\/landing-1024x576.png 1024w, https:\/\/ambaronline.com.ar\/ofertasblack\/wp-content\/uploads\/2026\/03\/landing-768x432.png 768w, https:\/\/ambaronline.com.ar\/ofertasblack\/wp-content\/uploads\/2026\/03\/landing-1536x864.png 1536w, https:\/\/ambaronline.com.ar\/ofertasblack\/wp-content\/uploads\/2026\/03\/landing-600x338.png 600w\" sizes=\"(max-width: 1920px) 100vw, 1920px\" \/>\t\t\t\t\t\t\t\t\t\t\t\t\t\t\t<\/div>\n\t\t\t\t<div class=\"elementor-element elementor-element-5215331 elementor-align-center elementor-widget__width-initial elementor-absolute luis elementor-hidden-mobile elementor-invisible elementor-widget elementor-widget-button\" data-id=\"5215331\" data-element_type=\"widget\" data-e-type=\"widget\" id=\"luis\" data-settings=\"{&quot;_position&quot;:&quot;absolute&quot;,&quot;_animation&quot;:&quot;fadeInUp&quot;}\" data-widget_type=\"button.default\">\n\t\t\t\t\t\t\t\t\t\t<a class=\"elementor-button elementor-button-link elementor-size-sm elementor-animation-shrink\" href=\"https:\/\/docs.google.com\/forms\/d\/e\/1FAIpQLSe5rQiZ7ISj7-bocnMG265iuAQyh4yzk5Ynf7HZAAnbhgPA5g\/viewform?usp=send_form\" target=\"_blank\">\n\t\t\t\t\t\t<span class=\"elementor-button-content-wrapper\">\n\t\t\t\t\t\t\t\t\t<span class=\"elementor-button-text\">QUIERO INSCRIBIRME<\/span>\n\t\t\t\t\t<\/span>\n\t\t\t\t\t<\/a>\n\t\t\t\t\t\t\t\t<\/div>\n\t\t\t\t<\/div>\n\t\t<div class=\"elementor-element elementor-element-a246997 e-con-full elementor-hidden-desktop elementor-hidden-tablet e-flex e-con e-parent\" data-id=\"a246997\" data-element_type=\"container\" data-e-type=\"container\">\n\t\t\t\t<div class=\"elementor-element elementor-element-45e1bd2 elementor-widget elementor-widget-image\" data-id=\"45e1bd2\" data-element_type=\"widget\" data-e-type=\"widget\" data-widget_type=\"image.default\">\n\t\t\t\t\t\t\t\t\t\t\t\t\t\t\t<img decoding=\"async\" width=\"1429\" height=\"2560\" src=\"https:\/\/ambaronline.com.ar\/ofertasblack\/wp-content\/uploads\/2026\/03\/MOBILE-LANDING-AMBAR-scaled.png\" class=\"attachment-full size-full wp-image-961\" alt=\"\" srcset=\"https:\/\/ambaronline.com.ar\/ofertasblack\/wp-content\/uploads\/2026\/03\/MOBILE-LANDING-AMBAR-scaled.png 1429w, https:\/\/ambaronline.com.ar\/ofertasblack\/wp-content\/uploads\/2026\/03\/MOBILE-LANDING-AMBAR-167x300.png 167w, https:\/\/ambaronline.com.ar\/ofertasblack\/wp-content\/uploads\/2026\/03\/MOBILE-LANDING-AMBAR-572x1024.png 572w, https:\/\/ambaronline.com.ar\/ofertasblack\/wp-content\/uploads\/2026\/03\/MOBILE-LANDING-AMBAR-768x1376.png 768w, https:\/\/ambaronline.com.ar\/ofertasblack\/wp-content\/uploads\/2026\/03\/MOBILE-LANDING-AMBAR-857x1536.png 857w, https:\/\/ambaronline.com.ar\/ofertasblack\/wp-content\/uploads\/2026\/03\/MOBILE-LANDING-AMBAR-1143x2048.png 1143w, https:\/\/ambaronline.com.ar\/ofertasblack\/wp-content\/uploads\/2026\/03\/MOBILE-LANDING-AMBAR-600x1075.png 600w\" sizes=\"(max-width: 1429px) 100vw, 1429px\" \/>\t\t\t\t\t\t\t\t\t\t\t\t\t\t\t<\/div>\n\t\t\t\t<div class=\"elementor-element elementor-element-84d8aae elementor-align-center elementor-widget__width-initial elementor-absolute elementor-widget elementor-widget-button\" data-id=\"84d8aae\" data-element_type=\"widget\" data-e-type=\"widget\" data-settings=\"{&quot;_position&quot;:&quot;absolute&quot;,&quot;_animation_mobile&quot;:&quot;fadeInUp&quot;}\" data-widget_type=\"button.default\">\n\t\t\t\t\t\t\t\t\t\t<a class=\"elementor-button elementor-button-link elementor-size-sm elementor-animation-shrink\" href=\"https:\/\/docs.google.com\/forms\/d\/e\/1FAIpQLSe5rQiZ7ISj7-bocnMG265iuAQyh4yzk5Ynf7HZAAnbhgPA5g\/viewform?usp=send_form\" target=\"_blank\">\n\t\t\t\t\t\t<span class=\"elementor-button-content-wrapper\">\n\t\t\t\t\t\t\t\t\t<span class=\"elementor-button-text\">QUIERO INSCRIBIRME<\/span>\n\t\t\t\t\t<\/span>\n\t\t\t\t\t<\/a>\n\t\t\t\t\t\t\t\t<\/div>\n\t\t\t\t<\/div>\n\t\t<div class=\"elementor-element elementor-element-bd2d22b e-con-full e-flex e-con e-parent\" data-id=\"bd2d22b\" data-element_type=\"container\" data-e-type=\"container\" data-settings=\"{&quot;background_background&quot;:&quot;classic&quot;}\">\n\t\t<div class=\"elementor-element elementor-element-4180daf e-con-full e-flex e-con e-child\" data-id=\"4180daf\" data-element_type=\"container\" data-e-type=\"container\">\n\t\t\t\t<div class=\"elementor-element elementor-element-1222031 elementor-widget__width-initial elementor-widget elementor-widget-image\" data-id=\"1222031\" data-element_type=\"widget\" data-e-type=\"widget\" data-widget_type=\"image.default\">\n\t\t\t\t\t\t\t\t\t\t\t\t\t\t\t\t<a href=\"https:\/\/ambaronline.com.ar\/ofertasblack\/wp-content\/uploads\/2025\/11\/terminos_condiciones_ambar.pdf\" target=\"_blank\">\n\t\t\t\t\t\t\t<img decoding=\"async\" width=\"96\" height=\"96\" src=\"https:\/\/ambaronline.com.ar\/ofertasblack\/wp-content\/uploads\/2025\/11\/ambar_logopeque.png\" class=\"elementor-animation-shrink attachment-full size-full wp-image-151\" alt=\"\" \/>\t\t\t\t\t\t\t\t<\/a>\n\t\t\t\t\t\t\t\t\t\t\t\t\t\t\t<\/div>\n\t\t\t\t<\/div>\n\t\t<div class=\"elementor-element elementor-element-8820b8b e-con-full e-flex e-con e-child\" data-id=\"8820b8b\" data-element_type=\"container\" data-e-type=\"container\">\n\t\t\t\t<div class=\"elementor-element elementor-element-03e7f97 elementor-shape-circle elementor-grid-0 e-grid-align-center elementor-widget elementor-widget-social-icons\" data-id=\"03e7f97\" data-element_type=\"widget\" data-e-type=\"widget\" data-widget_type=\"social-icons.default\">\n\t\t\t\t\t\t\t<div class=\"elementor-social-icons-wrapper elementor-grid\" role=\"list\">\n\t\t\t\t\t\t\t<span class=\"elementor-grid-item\" role=\"listitem\">\n\t\t\t\t\t<a class=\"elementor-icon elementor-social-icon elementor-social-icon-instagram elementor-animation-shrink elementor-repeater-item-584b998\" href=\"https:\/\/www.instagram.com\/ambaronline.patagonia\" target=\"_blank\">\n\t\t\t\t\t\t<span class=\"elementor-screen-only\">Instagram<\/span>\n\t\t\t\t\t\t<svg aria-hidden=\"true\" class=\"e-font-icon-svg e-fab-instagram\" viewBox=\"0 0 448 512\" xmlns=\"http:\/\/www.w3.org\/2000\/svg\"><path d=\"M224.1 141c-63.6 0-114.9 51.3-114.9 114.9s51.3 114.9 114.9 114.9S339 319.5 339 255.9 287.7 141 224.1 141zm0 189.6c-41.1 0-74.7-33.5-74.7-74.7s33.5-74.7 74.7-74.7 74.7 33.5 74.7 74.7-33.6 74.7-74.7 74.7zm146.4-194.3c0 14.9-12 26.8-26.8 26.8-14.9 0-26.8-12-26.8-26.8s12-26.8 26.8-26.8 26.8 12 26.8 26.8zm76.1 27.2c-1.7-35.9-9.9-67.7-36.2-93.9-26.2-26.2-58-34.4-93.9-36.2-37-2.1-147.9-2.1-184.9 0-35.8 1.7-67.6 9.9-93.9 36.1s-34.4 58-36.2 93.9c-2.1 37-2.1 147.9 0 184.9 1.7 35.9 9.9 67.7 36.2 93.9s58 34.4 93.9 36.2c37 2.1 147.9 2.1 184.9 0 35.9-1.7 67.7-9.9 93.9-36.2 26.2-26.2 34.4-58 36.2-93.9 2.1-37 2.1-147.8 0-184.8zM398.8 388c-7.8 19.6-22.9 34.7-42.6 42.6-29.5 11.7-99.5 9-132.1 9s-102.7 2.6-132.1-9c-19.6-7.8-34.7-22.9-42.6-42.6-11.7-29.5-9-99.5-9-132.1s-2.6-102.7 9-132.1c7.8-19.6 22.9-34.7 42.6-42.6 29.5-11.7 99.5-9 132.1-9s102.7-2.6 132.1 9c19.6 7.8 34.7 22.9 42.6 42.6 11.7 29.5 9 99.5 9 132.1s2.7 102.7-9 132.1z\"><\/path><\/svg>\t\t\t\t\t<\/a>\n\t\t\t\t<\/span>\n\t\t\t\t\t\t\t<span class=\"elementor-grid-item\" role=\"listitem\">\n\t\t\t\t\t<a class=\"elementor-icon elementor-social-icon elementor-social-icon-facebook-square elementor-animation-shrink elementor-repeater-item-7e094ba\" href=\"https:\/\/www.facebook.com\/ambaronline.patagonia\" target=\"_blank\">\n\t\t\t\t\t\t<span class=\"elementor-screen-only\">Facebook-square<\/span>\n\t\t\t\t\t\t<svg aria-hidden=\"true\" class=\"e-font-icon-svg e-fab-facebook-square\" viewBox=\"0 0 448 512\" xmlns=\"http:\/\/www.w3.org\/2000\/svg\"><path d=\"M400 32H48A48 48 0 0 0 0 80v352a48 48 0 0 0 48 48h137.25V327.69h-63V256h63v-54.64c0-62.15 37-96.48 93.67-96.48 27.14 0 55.52 4.84 55.52 4.84v61h-31.27c-30.81 0-40.42 19.12-40.42 38.73V256h68.78l-11 71.69h-57.78V480H400a48 48 0 0 0 48-48V80a48 48 0 0 0-48-48z\"><\/path><\/svg>\t\t\t\t\t<\/a>\n\t\t\t\t<\/span>\n\t\t\t\t\t\t\t<span class=\"elementor-grid-item\" role=\"listitem\">\n\t\t\t\t\t<a class=\"elementor-icon elementor-social-icon elementor-social-icon-tiktok elementor-animation-shrink elementor-repeater-item-f2f08fe\" href=\"https:\/\/www.tiktok.com\/@ambaronline.patagonia\" target=\"_blank\">\n\t\t\t\t\t\t<span class=\"elementor-screen-only\">Tiktok<\/span>\n\t\t\t\t\t\t<svg aria-hidden=\"true\" class=\"e-font-icon-svg e-fab-tiktok\" viewBox=\"0 0 448 512\" xmlns=\"http:\/\/www.w3.org\/2000\/svg\"><path d=\"M448,209.91a210.06,210.06,0,0,1-122.77-39.25V349.38A162.55,162.55,0,1,1,185,188.31V278.2a74.62,74.62,0,1,0,52.23,71.18V0l88,0a121.18,121.18,0,0,0,1.86,22.17h0A122.18,122.18,0,0,0,381,102.39a121.43,121.43,0,0,0,67,20.14Z\"><\/path><\/svg>\t\t\t\t\t<\/a>\n\t\t\t\t<\/span>\n\t\t\t\t\t<\/div>\n\t\t\t\t\t\t<\/div>\n\t\t\t\t<\/div>\n\t\t<div class=\"elementor-element elementor-element-adf8e58 e-con-full e-flex e-con e-child\" data-id=\"adf8e58\" data-element_type=\"container\" data-e-type=\"container\">\n\t\t\t\t<div class=\"elementor-element elementor-element-f790f4a elementor-widget-mobile__width-initial elementor-widget elementor-widget-text-editor\" data-id=\"f790f4a\" data-element_type=\"widget\" data-e-type=\"widget\" id=\"footer-disc\" data-widget_type=\"text-editor.default\">\n\t\t\t\t\t\t\t\t\t\u00a9 2026 \u00c1mbar color srl. Todos los derechos reservados.\n<p style=\"font-size: 10px; line-height: 1.5; margin: 0;\"><strong>Pol\u00edtica de Privacidad.<\/strong> En \u00c1mbar Corral\u00f3n y Pinturer\u00eda nos comprometemos a proteger la privacidad de nuestros clientes y usuarios. <strong>1. Informaci\u00f3n que recopilamos:<\/strong> Podemos recopilar datos personales tales como nombre y apellido, tel\u00e9fono, correo electr\u00f3nico e informaci\u00f3n profesional vinculada a la actividad en construcci\u00f3n; estos datos se obtienen \u00fanicamente cuando el usuario los proporciona de manera voluntaria a trav\u00e9s de formularios, WhatsApp o redes sociales. <strong>2. Finalidad del uso de la informaci\u00f3n:<\/strong> La informaci\u00f3n recopilada ser\u00e1 utilizada exclusivamente para contactar al usuario en relaci\u00f3n con consultas realizadas, brindar informaci\u00f3n sobre productos, servicios o programas profesionales y enviar comunicaciones comerciales vinculadas a \u00c1mbar Corral\u00f3n y Pinturer\u00eda, no utiliz\u00e1ndose para fines distintos a los aqu\u00ed detallados. <strong>3. Protecci\u00f3n de los datos:<\/strong> \u00c1mbar implementa medidas razonables de seguridad para proteger la informaci\u00f3n personal contra accesos no autorizados, alteraci\u00f3n o divulgaci\u00f3n. <strong>4. Cesi\u00f3n de datos:<\/strong> \u00c1mbar Corral\u00f3n y Pinturer\u00eda no vende, alquila ni comparte datos personales con terceros, salvo obligaci\u00f3n legal. <strong>5. Derechos del usuario:<\/strong> El usuario puede solicitar en cualquier momento la actualizaci\u00f3n, modificaci\u00f3n o eliminaci\u00f3n de sus datos personales enviando un correo a <a href=\"mailto:marketing@ambarcolorsrl.com\">marketing@ambarcolorsrl.com<\/a>. <strong>6. Cambios en la pol\u00edtica:<\/strong> \u00c1mbar podr\u00e1 actualizar esta Pol\u00edtica de Privacidad cuando sea necesario, por lo que se recomienda revisarla peri\u00f3dicamente.<\/p>\t\t\t\t\t\t\t\t<\/div>\n\t\t\t\t<\/div>\n\t\t\t\t<\/div>\n\t\t\t\t<\/div>\n\t\t","protected":false},"excerpt":{"rendered":"<p>QUIERO INSCRIBIRME QUIERO INSCRIBIRME Instagram Facebook-square Tiktok \u00a9 2026 \u00c1mbar color srl. Todos los derechos reservados. Pol\u00edtica de Privacidad. En \u00c1mbar Corral\u00f3n y Pinturer\u00eda nos comprometemos a proteger la privacidad de nuestros clientes y usuarios. 1. Informaci\u00f3n que recopilamos: Podemos recopilar datos personales tales como nombre y apellido, tel\u00e9fono, correo electr\u00f3nico e informaci\u00f3n profesional vinculada [&hellip;]<\/p>\n","protected":false},"author":2,"featured_media":950,"parent":0,"menu_order":0,"comment_status":"closed","ping_status":"closed","template":"elementor_canvas","meta":{"footnotes":""},"class_list":["post-1014","page","type-page","status-publish","has-post-thumbnail","hentry"],"_links":{"self":[{"href":"https:\/\/ambaronline.com.ar\/ofertasblack\/wp-json\/wp\/v2\/pages\/1014","targetHints":{"allow":["GET"]}}],"collection":[{"href":"https:\/\/ambaronline.com.ar\/ofertasblack\/wp-json\/wp\/v2\/pages"}],"about":[{"href":"https:\/\/ambaronline.com.ar\/ofertasblack\/wp-json\/wp\/v2\/types\/page"}],"author":[{"embeddable":true,"href":"https:\/\/ambaronline.com.ar\/ofertasblack\/wp-json\/wp\/v2\/users\/2"}],"replies":[{"embeddable":true,"href":"https:\/\/ambaronline.com.ar\/ofertasblack\/wp-json\/wp\/v2\/comments?post=1014"}],"version-history":[{"count":250,"href":"https:\/\/ambaronline.com.ar\/ofertasblack\/wp-json\/wp\/v2\/pages\/1014\/revisions"}],"predecessor-version":[{"id":1271,"href":"https:\/\/ambaronline.com.ar\/ofertasblack\/wp-json\/wp\/v2\/pages\/1014\/revisions\/1271"}],"wp:featuredmedia":[{"embeddable":true,"href":"https:\/\/ambaronline.com.ar\/ofertasblack\/wp-json\/wp\/v2\/media\/950"}],"wp:attachment":[{"href":"https:\/\/ambaronline.com.ar\/ofertasblack\/wp-json\/wp\/v2\/media?parent=1014"}],"curies":[{"name":"wp","href":"https:\/\/api.w.org\/{rel}","templated":true}]}}